0. Let f = 13316 + -13321. Calculate q(f).
16
Suppose -34 = -17*s - 0*s. Let a(y) = -21*y**2 + y - 4. Let g(o) = -5*o**2 - 1. Let m(k) = s*a(k) - 9*g(k). Suppose 1 = -u - 0. What is m(u)?
2
Let m(f) be the first derivative of f**4/4 + 2*f**3 + 2*f**2 + 14*f - 294. Determine m(-6).
-10
Suppose 22 = 4*w + 42, w - 3 = 4*g. Let r(o) be the first derivative of 1/2*o**2 + 2/3*o**3 - 2 + 2*o. Determine r(g).
8
Let w(i) = 2*i**3 - 41*i**2 - 22*i + 23. Let m(t) = 22*t**2 + 55*t + 54. Let z be m(-1). Give w(z).
2
Let s = 25 - 11. Let l be 4/7 - (-6)/s. Let v be (0 - (0 - -3))/l. Let x(r) = -r**3 - r**2 + 3*r + 4. What is x(v)?
13
Let o(x) = x**2 - 8*x + 6. Let v be o(7). Let s(r) be the first derivative of -1/2*r**2 + 0*r - 2/3*r**3 - 3/4*r**4 + 78. Give s(v).
2
Let w(h) = h**3 - 6*h**2 + 5*h - 1. Suppose 4*c - 4*i = 132, -3*i + 19 = 5*c - 154. Let m = -29 + c. What is w(m)?
-1
Let s(v) = -339*v - 76. Let o(l) = -281*l - 76. Let k(w) = -6*o(w) + 5*s(w). Give k(9).
-5
Let g(j) = 18*j**2 - 46*j + 20. Let l be g(2). Let a(d) = d**2 - 26. Determine a(l).
-26
Let u(v) = 33*v + 1560. Let i be u(-47). Let h(k) = -k**3 + 10*k**2 - 14*k + 13. Determine h(i).
-32
Suppose -8*r = -24*r - 51 + 3. Let v(q) be the third derivative of q**5/30 + q**4/12 + q**3/6 + 8*q**2. Calculate v(r).
13
Let d(y) = y**3 + y**2 - 25. Let o = -72 - -99. Suppose 52*t = o*t + 24*t. Determine d(t).
-25
Let i = 51 - 45. Let f(m) = 9*m + i - 5 + 2 - m**2 - 2. Let o = 12 + -4. What is f(o)?
9
Let i be ((-100)/(-15) - 7)*441. Let b be 1*-3*-1 + -1. Let g be (b/6)/(i/(-36) + -4). Let n(f) = f**3 - 5*f**2 + 5*f - 5. Give n(g).
-1
Suppose 5*n = 649 + 831. Let p(x) = -148 + 3*x + n - 150. Determine p(4).
10
Let s(a) = -a**2 + 9*a + 1. Suppose 0 = 172*m - 167*m - 40. Give s(m).
9
Let x(t) be the first derivative of -t**4/4 - 14*t**3/3 - 6*t**2 + 11*t + 85. Suppose 2*a = -3*a - 65. What is x(a)?
-2
Let b(a) = -a**2 - 13*a - 20. Let r be b(-11). Let z(i) = 10*i**2 - 4*i**r - 4*i**2 + 1 + 2*i - 2 + 4*i**2. Calculate z(1).
7
Let s(t) = 2*t**2 - 43*t + 7. Let l(i) = 3*i**2 - 55*i + 8. Let v(o) = -3*l(o) + 4*s(o). Calculate v(-7).
4
Let h(f) be the second derivative of -4 - 3/2*f**2 - 1/2*f**3 - 5*f. Calculate h(1).
-6
Let b(d) = d**3 + 4*d**2 - 10*d + 31. Let a(s) = 7*s - 280. Let l be a(39). Determine b(l).
-46
Let v(a) = -a**2 - 8*a + 13. Let j = 12 - 7. Let y(h) = -h**3 + 5*h**2 - 2*h - 1. Let o be y(j). Let s = 1 + o. What is v(s)?
-7
Let b(n) = n**2 - n - 1. Let d(o) = -10*o**2 + 2*o + 4. Let h(v) = 3*b(v) + d(v). Suppose 2*m - 3 = a, 3*m - 2 = 4*a - 0*m. Calculate h(a).
-7
Let z be (5 - 6)/(9/6 + -2). Let w(k) = 326 + z*k + 313 - 632. Calculate w(0).
7
Let x(m) = -m**2 - 7*m - 6. Let t(p) = p + 1. Let o(v) = -4*t(v) + x(v). Calculate o(-9).
8
Let p(j) = -21*j**2 + 1. Suppose -4 = -15*m - 34. Let f be 4/((-16)/10)*2. Let d(x) = 43*x**2 - 3. Let n(t) = f*p(t) + m*d(t). Determine n(-1).
20
Let i(w) be the first derivative of 0*w + 9/2*w**2 + 2/3*w**3 + 56. Determine i(-6).
18
Let v be 2 + 75/15 + 18/(-3). Let n(j) = 31*j + 4. Determine n(v).
35
Let h(t) = -2*t - 12. Let a be h(8). Let j = -30 - a. Let d(w) = 0*w**3 + 4*w**3 - 2*w**3 + 2*w**2 - 31 + 30. Calculate d(j).
-9
Let a be (-1)/(-9) - 160/(-18). Let p(v) = -2*v**3 + 18*v**2 + 6*v - 20. Give p(a).
34
Suppose -x - m + 5 = 0, 0*x + 17 = 3*x + m. Let d(j) be the first derivative of j**3/3 - 3*j**2 + 7*j - 2689. Determine d(x).
7
Suppose 5*y - 848 + 833 = -5*r, -4*r = -3*y + 30. Let j(g) = -9*g - 29. Determine j(r).
-2
Let d(i) = 3*i + 22. Let j(z) = -z - 7. Suppose 0 = 12*k + 34 + 2. Let l(v) = k*d(v) - 8*j(v). What is l(-4)?
-6
Let m(k) = 5*k**2 + 4*k - 2. Let d be m(3). Suppose -50 = -d*q + 45*q. Let u(g) = g**3 - 5*g**2 + g - 4. Give u(q).
1
Let f(x) = x - 45. Let d be f(37). Let y(k) be the second derivative of k**3/2 + 19*k**2/2 + 67*k. Calculate y(d).
-5
Suppose 411 - 436 = -5*k. Suppose -4*j + 26 = -2*n, -k*j + 6*j = n + 8. Let w(f) = -2*f**2 - 2*f - 3. What is w(n)?
-15
Suppose 0 = -1757*j + 1765*j. Suppose j = -124*h + 126*h - 18. Let p(i) = -i**2 + 10*i - 19. Determine p(h).
-10
Let l(y) = 2*y - 20*y**3 + 8*y**3 + 13*y**2 - 494 + 519 + 13*y**3. What is l(-13)?
-1
Let a(m) = m**3 + 3*m**2 + 3. Let s = -36 - -50. Let o(h) = -h + 20. Let l be o(s). Suppose l*c = 9*c + 9. Calculate a(c).
3
Let i be (0 - 0)/(2 + -1). Let y(u) be the first derivative of u**6/360 + u**4/8 + 76*u**3/3 + 56. Let g(j) be the third derivative of y(j). Determine g(i).
3
Let z(i) = 4*i**2 + 21*i + 110. Let p(o) = -3*o**2 - 10*o - 46. Let s(v) = 5*p(v) + 2*z(v). Give s(-4).
-90
Let j be -1*(-3)/(4 + -1). Let x(k) be the third derivative of 0 + 91*k**2 + 0*k + 1/24*k**4 - 1/6*k**3. Determine x(j).
0
Let n(f) = f**2 + 7*f + 8. Let k = -2710 + 2703. Calculate n(k).
8
Let o(h) = -3*h + 21. Let s be o(9). Let n be ((-10)/s)/(279/(-27) - -10). Let r(t) = -t + 8. What is r(n)?
13
Suppose -r + 6 = -4*i + 4*r, 2*i + 4*r - 10 = 0. Let g(m) = -4*m**2 - 14*m + 12. Let w(v) = v**2 + v - 1. Let a(p) = i*g(p) + 6*w(p). What is a(6)?
30
Suppose -3*h = 3*l + 15, -3*h = -2*l - 3*l - 9. Let i = -3 + h. Let r(k) = -56*k - k**2 + 215018 + 50*k - 215024. What is r(i)?
-1
Let a = -7337 + 7340. Let i(t) = -11*t + 21. Determine i(a).
-12
Let g(o) = 7*o**2 + 45*o + 1. Let j be g(-6). Let f(y) = -y**3 - 17*y**2 + y + 20. Give f(j).
3
Let j(h) = -h**2 + 8*h + 3. Let x = 211 - 206. Suppose -4*w = -4*q + 7 + 1, -46 = -x*q - 4*w. Calculate j(q).
15
Suppose 2109 = -66*i + 1911. Let s(q) = 12*q**2 + 3*q + 5. Give s(i).
104
Let m(t) = -15*t - 4. Suppose -455 + 476 = -3*v + 3*s, 2*v + 3*s + 9 = 0. Calculate m(v).
86
Let p = -4 - 3. Let t be p/(28/(-12)) - -4. Let y(f) = f - 2. Let b be y(t). Let o(d) = d**3 - 4*d**2 - 5*d - 6. Give o(b).
-6
Suppose -44*t + 171 - 523 = 0. Let h(k) = -2*k**2 - 13*k + 17. Calculate h(t).
-7
Let u be 3 + 0 + 2/(-1) - -4. Suppose 0 = n + 2, 3*q - 180 = -2*q + u*n. Suppose 4*j - 2*i + 0*i + q = 0, 5*i = -4*j + 1. Let m(g) = -g + 2. What is m(j)?
8
Let z = -131 + 131. Suppose -4*l + 28 = -0*l - 3*f, z = -3*l + 2*f + 21. Let r(i) = 6 - l + i + 5. Calculate r(-5).
-1
Let r(o) be the first derivative of -o**4/4 + 11*o**3/3 - 24*o + 1748. Give r(11).
-24
Let q(n) = -n**2 - 33*n + 992. Let f be q(-52). Let v(h) = -3*h**2 - 2. Let y(s) = 8*s**2 + 7. Let m(j) = -11*v(j) - 4*y(j). Give m(f).
10
Let n(r) = 27*r - 26*r + 9 - 8. Let u(s) = s**2 + 19*s - 12. Let b be u(-20). Give n(b).
9
Let d(s) be the third derivative of s**6/360 + 11*s**5/120 + 23*s**4/24 + s**3/6 - 66*s**2. Let c(n) be the second derivative of d(n). Determine c(-9).
-7
Suppose 0 = -17*c + 67149 - 66979. Let k be 1/((-1)/(-9)) - 2. Let b(v) = -k + v**2 - v**2 + 11*v - v**2. Calculate b(c).
3
Suppose 622 - 1534 = 228*x. Let p(g) = 18*g + 56. What is p(x)?
-16
Let k(i) = 5*i - 3. Let u be k(-1). Suppose 3*z + h = -4*h + 26, -20 = -2*z - 4*h. Let t(w) = -6*w + 5 + 4*w - 2*w - 4*w - w**z. Give t(u).
5
Let g(h) be the first derivative of -11*h**3/3 - h**2/2 - h + 270. Let z be 5/10*((-12)/(-3))/(-2). Determine g(z).
-11
Let l be 4 + ((-408)/(-30))/((-2)/60). Let m be (l/10)/(18/(-45)). Let p = m - 98. Let b(c) = -c**3 + 2*c**2 + 2*c + 4. Give b(p).
1
Let o(p) = p**3 + 5*p**2 - 7*p. Suppose -7*k = -3*k - 3*r - 3, -3*k = 2*r - 15. Let j = 4 + 1. Suppose 48 = -k*z - j*z. Calculate o(z).
6
Let x(b) = -b**2 + 5*b + 101. Let j(u) = 2*u**2 - 16*u - 480. Let f be j(20). Determine x(f).
101
Suppose 4*g - 1 = -3*x - 10, -5*x = -3*g - 14. Let u(n) = 56*n + 5. Calculate u(x).
61
Let m(k) = -2*k**3 - 21*k**2 + 11*k - 5. Suppose 0 = 4922*z - 4943*z - 231. Determine m(z).
-5
Let x(j) = -j**2 - 3*j. Let o be x(-1). Suppose -2*g - 1 = -m - o, 4*g = 0. Let t be m/((-4 - -3)/(-6)). Let b(h) = -h**3 - 6*h**2 - 2*h - 4. What is b(t)?
8
Let l(r) be the second derivative of r**3/6 - 7*r**2/2 - 4*r + 349. Let d = 15 - 6. Let j be d*1/((-9)/(-6)). Calculate l(j).
-1
Suppose 2*m - 4*d = 230, -2*d = -2*m + 87 + 137. Let s = m - 105. Let o(p) = -4*p + 7. Calculate o(s).
-9
Let x(d) = d**3 + 10*d**2 + 8*d - 12. Let s = 39 + -39. Suppose s = -18*g + 15*g - 63. Let f(h) = h**2 + 21*h - 9. Let w be f(g). Give x(w).
-3
Let l(d) = d**2 + 10*d + 5. Let j(p) = -6*p**2 + p + 132. Let o be j(11). Let u = -592 - o. Determine l(u).
-4
Let z(y) = y**2 + 23 